- 5. Let l be b(-4). Suppose -599 + 115 = -11*y. What is the greatest common factor of y and l?
11
Let y(j) be the second derivative of -j**5/20 + 5*j**4/6 - j**3 - 3*j**2 + 3*j. Let d be y(9). What is the highest common factor of 14 and d?
7
Suppose -4*z + m = -637, -z - 4*m - m = -175. Calculate the highest common divisor of z and 32.
32
Let r = 1 + -4. Let h = r + 9. What is the greatest common divisor of h and 54?
6
Suppose 8 = 2*o + 2*o. Suppose -s = -4*s. Suppose s*k - o*k + 220 = 0. Calculate the highest common divisor of k and 10.
10
Suppose 0 = 3*z + 28 - 109. What is the highest common divisor of 216 and z?
27
Suppose -7*s + 0 = -42. Calculate the greatest common divisor of s and 15.
3
Let b be 38/6 + 4/6. What is the greatest common factor of 70 and b?
7
Let x be 4/(-8) - 972/(-8). Calculate the highest common factor of 11 and x.
11
Suppose 0 = 2*x - 95 - 1. Let i = x + 27. Calculate the greatest common factor of 15 and i.
15
Let x be ((-2)/4)/((-4)/(-32)). Let w be 71 + (-3 - x) + -4. Calculate the highest common factor of 17 and w.
17
Let w = -5 + 7. Suppose 26 = 2*b + w*q, b + q + 2*q = 7. Let h(m) = 144*m**3 - m**2 + 1. Let l be h(1). What is the greatest common divisor of l and b?
16
Let u be (-6)/24 - (-145)/4. Calculate the highest common divisor of u and 72.
36
Let u be (66/(-10))/((-1)/15). What is the highest common divisor of 11 and u?
11
Suppose 2*z = 5*f + 375 - 121, -3*f - 480 = -4*z. Suppose -5*t + 8*t = z. What is the highest common factor of 26 and t?
13
Suppose -3 - 9 = -3*x. What is the greatest common factor of x and 32?
4
Suppose 0 = -10*o + 9*o + 14. Calculate the greatest common divisor of 2 and o.
2
Let k(r) = r + 19. Let d be k(-4). What is the greatest common divisor of d and 120?
15
Suppose 4*l - 2*n + 14 = -0*l, 3*n = -4*l - 29. Let q(k) = -11*k - 1. Let i be q(l). What is the greatest common factor of i and 6?
6
Let w(s) = -s + 20. Let c be w(0). Suppose 0 = 4*o - 190 + 50. Let i = o + -25. Calculate the highest common divisor of i and c.
10
Suppose -9 = -3*p - 3*i, 2*p + i - 6*i - 6 = 0. Suppose p*b + 5 = -2*n - 3, 4*n = 3*b + 20. Let u = n - -1. What is the highest common factor of u and 6?
3
Let k(l) = 2*l + 1. Let c be k(-2). Let m = 3 - c. Let g = 57 + -9. Calculate the highest common factor of m and g.
6
Let q = 93 + -45. Calculate the greatest common divisor of q and 16.
16
Let u be 15 + (-3)/(-1) + -3. What is the highest common factor of u and 5?
5
Suppose -k = -2*a - 21, -4*k + 5*a = 6*a - 75. Let y = 687 + -460. Let l = -151 + y. What is the highest common divisor of k and l?
19
Suppose 2*c - 2*r - 156 = 0, 3*r - 38 = -5*c + 368. Suppose -5*m + 10 = -k, -2*k + 6*k = 2*m + 32. Calculate the highest common divisor of c and k.
10
Let f(l) = -3*l + 1. Let c be f(-1). Suppose -c*d + 3*h + 85 = -2*h, 0 = -5*d - h + 99. Calculate the greatest common factor of d and 20.
20
Suppose u - 55 = -6*y + 5*y, 3*u = -4*y + 160. Let q = 24 + -12. What is the greatest common factor of u and q?
12
Let r be (1 + 1)*(-172)/8. Suppose 56 + 54 = -5*y. Let u = y - r. What is the greatest common factor of 3 and u?
3
Suppose -70 = -2*g + 76. Let z = g - 45. Calculate the greatest common factor of 7 and z.
7
Suppose 0 = -b - 3*b + 116. What is the highest common factor of b and 87?
29
Let o = 45 + -36. What is the highest common divisor of 9 and o?
9
Let z(k) = -43*k - 1. Let n be z(-4). Suppose -54 = -5*h + n. Let r be 16/(-6)*h/(-4). Calculate the highest common divisor of r and 12.
6
Let o = 8 - -61. Calculate the greatest common factor of 23 and o.
23
Let t(d) = 2*d - 9. Let x be t(7). Suppose -3*b = -0*r - 3*r + 33, 0 = x*r + b - 43. Calculate the greatest common factor of 45 and r.
9
Let q = 28 + -19. What is the greatest common factor of q and 99?
9
Let m(f) be the third derivative of f**5/60 - f**4/24 + f**3/6 - f**2. Let h be 4/3*(8 - 5). Let d be m(h). Calculate the greatest common factor of d and 13.
13
Let b(d) = 6*d**2 - 3*d + 2. Let x be b(-3). Suppose -x = -3*w - 26. What is the greatest common divisor of 143 and w?
13
Let b be 50/8 - (-5)/(-20). Suppose -b*c = -c - 45. Let g be (-2)/c + (-22)/(-18). Calculate the greatest common factor of 1 and g.
1
Suppose -3*j + 45 = 4*l, -4*l = 1 - 13. Calculate the highest common factor of 88 and j.
11
Suppose s = 37 + 45. Suppose -4*f = n - 12, 5*n = 2*f - 0*f + s. Suppose t + 0*t = n. Calculate the greatest common divisor of 160 and t.
16
Suppose -2*c + 5*b = -3*c - 21, -5*c + 2*b - 78 = 0. Let a = c - -40. What is the highest common factor of 3 and a?
3
Let r = -14 + 30. Let f be ((-2)/2)/(2/(-38)). Let y = 21 + f. What is the highest common divisor of r and y?
8
Let p = -18 + 8. Let z be (-4)/p + (-6)/(-10). Suppose 4*c = -2*u + 22, 0 = u + 3*c - 16. Calculate the highest common divisor of z and u.
1
Let g be (-4)/(-10) + 156/10. What is the highest common factor of 144 and g?
16
Let w(p) = -p + 13. Let d be w(-8). What is the highest common factor of d and 231?
21
Let d = 27 + -13. Suppose 201 = 5*k + f - 4*f, -5*f - 69 = -2*k. What is the highest common divisor of k and d?
14
Let n(o) = -2*o - 5. Let i be n(-4). Let s = i + -1. Calculate the highest common divisor of s and 14.
2
Let u = -55 - -66. What is the greatest common factor of u and 99?
11
Let b = 3 + -1. Let c = b + 5. What is the highest common divisor of c and 1?
1
Let k(u) = -u**2 - 4*u - 1. Let h be k(-2). Suppose -32 = b + h*f, b + 0*f + 36 = -5*f. Let q = b + 38. Calculate the highest common factor of 3 and q.
3
Suppose -p + 82 = 4*a, 0 = 4*a - 0*a + 3*p - 78. Suppose 4*v - 3*r = v + a, 4*v - 13 = -r. Calculate the greatest common factor of v and 16.
4
Let y(s) be the first derivative of 3*s**2/2 + 2*s + 6. Let g be y(3). What is the greatest common divisor of 44 and g?
11
Let x(j) be the second derivative of -15*j**3/2 - 9*j**2/2 - 7*j. Let b be x(-4). What is the highest common divisor of b and 19?
19
Let l = -38 - 615. Let s = -455 - l. Suppose -s = -6*t + 2*t + 5*r, 0 = -t - 2*r + 56. Calculate the highest common factor of 13 and t.
13
Suppose 5*s - 42 = -d, 4*s + d - 18 = 2*s. What is the greatest common divisor of s and 12?
4
Suppose 3*b - 4*t - 6 = 0, -4*t = -0*b - 2*b. Suppose -4*z - 9 = -6*z + 5*y, -2*y = 3*z - 4. Calculate the highest common divisor of z and b.
2
Let h = 29 - 21. Let g = -3 - -2. Let t = h + g. Calculate the greatest common divisor of t and 63.
7
Suppose 2*p + 105 = -0*k - 3*k, -35 = k - 2*p. Let b be ((-48)/14)/(5/k). Calculate the highest common divisor of b and 3.
3
Suppose -7*n = -2*n + 30. Let i(q) = -q**2 - 9*q - 1. Let m be i(n). What is the greatest common divisor of m and 17?
17
Suppose 0 - 9 = -3*l. Let u be (2 - l) + 52*1. Calculate the highest common factor of 34 and u.
17
Suppose 4*q - 7*q - 426 = 0. Let u = 241 + q. Calculate the greatest common factor of 9 and u.
9
Let z = 1 + -4. Let i(d) = -4*d - 11. Let u(b) = -7*b - 21. Let c(r) = z*u(r) + 5*i(r). Let a be c(6). Calculate the highest common divisor of 35 and a.
7
Suppose 4*o = -a + 8, -a + 4*a - 10 = 2*o. Let j(n) = 2*n + 3. Let g be j(-4). Let y be (17/g + 1)*-10. Calculate the greatest common divisor of a and y.
4
Let n(k) = k**3 + k**2 + 3*k + 2. Let s be n(3). Suppose -135 = -2*i - s. Let b be (((-8)/5)/(-2))/((-1)/(-5)). What is the highest common divisor of b and i?
4
Suppose h - 4*x - 30 = -7, -4*h + 32 = -4*x. Let b = -1 - -1. Suppose q = -b*q - 5, 2*w = 5*q + 31. Calculate the greatest common factor of h and w.
3
Let t = 4 - 4. Suppose -4*z - 4*y = -40, t = 2*z + 3*y - 6 - 12. What is the greatest common divisor of z and 120?
12
Let i = 9 + -5. Suppose -405 = -i*w + 35. Calculate the highest common divisor of 44 and w.
22
Let k(o) be the first derivative of -27*o**2/2 + 1. Let s be k(1). Let z = s - -51. Calculate the greatest common divisor of 6 and z.
6
Suppose 6*o = 2*o + 16. Suppose -v = 4*v - 55. Suppose -4*p = -n + 27, o*p + v = 4*n - 37. What is the highest common factor of 63 and n?
7
Let x be (0*(-3)/6)/2. Let g(b) = -b**3 - b**2 - b - 95. Let n be g(x). Let j = 221 + n. Calculate the greatest common divisor of j and 14.
14
Let s(h) = -8*h + 1. Let q be s(1). Let n be (-1 - (q - 0)) + 2. What is the highest common divisor of 4 and n?
4
Suppose a - 5*j + 18 = 0, -4*j + 1 + 5 = -2*